{"id":21414,"date":"2026-04-28T15:13:42","date_gmt":"2026-04-28T13:13:42","guid":{"rendered":"http:\/\/mygrin-garden.com\/?post_type=scheda_giardino&#038;p=21414"},"modified":"2026-04-28T15:13:42","modified_gmt":"2026-04-28T13:13:42","slug":"belen-783-662","status":"publish","type":"scheda_giardino","link":"https:\/\/mygrin-garden.com\/fr\/fiche_jardin\/belen-783-662\/","title":{"rendered":"Belen"},"content":{"rendered":"","protected":false},"featured_media":21411,"menu_order":3,"template":"","meta":{"site-sidebar-layout":"default","site-content-layout":"","ast-site-content-layout":"default","site-content-style":"default","site-sidebar-style":"default","ast-global-header-display":"","ast-banner-title-visibility":"","ast-main-header-display":"","ast-hfb-above-header-display":"","ast-hfb-below-header-display":"","ast-hfb-mobile-header-display":"","site-post-title":"","ast-breadcrumbs-content":"","ast-featured-img":"","footer-sml-layout":"","theme-transparent-header-meta":"default","adv-header-id-meta":"","stick-header-meta":"default","header-above-stick-meta":"","header-main-stick-meta":"","header-below-stick-meta":"","astra-migrate-meta-layouts":"set","ast-page-background-enabled":"default","ast-page-background-meta":{"desktop":{"background-color":"var(--ast-global-color-4)","background-image":"","background-repeat":"repeat","background-position":"center center","background-size":"auto","background-attachment":"scroll","background-type":"","background-media":"","overlay-type":"","overlay-color":"","overlay-opacity":"","overlay-gradient":""},"tablet":{"background-color":"","background-image":"","background-repeat":"repeat","background-position":"center center","background-size":"auto","background-attachment":"scroll","background-type":"","background-media":"","overlay-type":"","overlay-color":"","overlay-opacity":"","overlay-gradient":""},"mobile":{"background-color":"","background-image":"","background-repeat":"repeat","background-position":"center center","background-size":"auto","background-attachment":"scroll","background-type":"","background-media":"","overlay-type":"","overlay-color":"","overlay-opacity":"","overlay-gradient":""}},"ast-content-background-meta":{"desktop":{"background-color":"var(--ast-global-color-5)","background-image":"","background-repeat":"repeat","background-position":"center center","background-size":"auto","background-attachment":"scroll","background-type":"","background-media":"","overlay-type":"","overlay-color":"","overlay-opacity":"","overlay-gradient":""},"tablet":{"background-color":"var(--ast-global-color-5)","background-image":"","background-repeat":"repeat","background-position":"center center","background-size":"auto","background-attachment":"scroll","background-type":"","background-media":"","overlay-type":"","overlay-color":"","overlay-opacity":"","overlay-gradient":""},"mobile":{"background-color":"var(--ast-global-color-5)","background-image":"","background-repeat":"repeat","background-position":"center center","background-size":"auto","background-attachment":"scroll","background-type":"","background-media":"","overlay-type":"","overlay-color":"","overlay-opacity":"","overlay-gradient":""}},"footnotes":""},"class_list":["post-21414","scheda_giardino","type-scheda_giardino","status-publish","has-post-thumbnail","hentry"],"acf":[],"yoast_head":"<!-- This site is optimized with the Yoast SEO plugin v25.2 - https:\/\/yoast.com\/wordpress\/plugins\/seo\/ -->\n<title>Belen | Mygrin Garden<\/title>\n<meta name=\"description\" content=\"Belen - mod GRIN PM53A B&amp;S - Elle est incroyable, robuste, \u00e7a se voit toute de suite et elle avance toute seule alors que j&#039; mon gazon avait d\u00e9j\u00e0 atteints plus ou moins 25 cm de hauteur, je l&#039;adore\" \/>\n<meta name=\"robots\" content=\"index, follow, max-snippet:-1, max-image-preview:large, max-video-preview:-1\" \/>\n<link rel=\"canonical\" href=\"https:\/\/mygrin-garden.com\/fr\/fiche_jardin\/belen-783-662\/\" \/>\n<meta property=\"og:locale\" content=\"fr_FR\" \/>\n<meta property=\"og:type\" content=\"article\" \/>\n<meta property=\"og:title\" content=\"Belen | Mygrin Garden\" \/>\n<meta property=\"og:description\" content=\"Belen - mod GRIN PM53A B&amp;S - Elle est incroyable, robuste, \u00e7a se voit toute de suite et elle avance toute seule alors que j&#039; mon gazon avait d\u00e9j\u00e0 atteints plus ou moins 25 cm de hauteur, je l&#039;adore\" \/>\n<meta property=\"og:url\" content=\"https:\/\/mygrin-garden.com\/fr\/fiche_jardin\/belen-783-662\/\" \/>\n<meta property=\"og:site_name\" content=\"Mygrin Garden\" \/>\n<meta property=\"og:image\" content=\"https:\/\/mygrin-garden.com\/wp-content\/uploads\/2026\/04\/belen-783-662_1_1777019402.jpg\" \/>\n\t<meta property=\"og:image:width\" content=\"768\" \/>\n\t<meta property=\"og:image:height\" content=\"1024\" \/>\n\t<meta property=\"og:image:type\" content=\"image\/jpeg\" \/>\n<meta name=\"twitter:card\" content=\"summary_large_image\" \/>\n<meta name=\"twitter:label1\" content=\"Dur\u00e9e de lecture estim\u00e9e\" \/>\n\t<meta name=\"twitter:data1\" content=\"1 minute\" \/>\n<script type=\"application\/ld+json\" class=\"yoast-schema-graph\">{\"@context\":\"https:\/\/schema.org\",\"@graph\":[{\"@type\":\"WebPage\",\"@id\":\"https:\/\/mygrin-garden.com\/fr\/fiche_jardin\/belen-783-662\/\",\"url\":\"https:\/\/mygrin-garden.com\/fr\/fiche_jardin\/belen-783-662\/\",\"name\":\"Belen | Mygrin Garden\",\"isPartOf\":{\"@id\":\"https:\/\/mygrin-garden.com\/#website\"},\"primaryImageOfPage\":{\"@id\":\"https:\/\/mygrin-garden.com\/fr\/fiche_jardin\/belen-783-662\/#primaryimage\"},\"image\":{\"@id\":\"https:\/\/mygrin-garden.com\/fr\/fiche_jardin\/belen-783-662\/#primaryimage\"},\"thumbnailUrl\":\"https:\/\/mygrin-garden.com\/wp-content\/uploads\/2026\/04\/belen-783-662_1_1777019402.jpg\",\"datePublished\":\"2026-04-28T13:13:42+00:00\",\"description\":\"Belen - mod GRIN PM53A B&S - Elle est incroyable, robuste, \u00e7a se voit toute de suite et elle avance toute seule alors que j' mon gazon avait d\u00e9j\u00e0 atteints plus ou moins 25 cm de hauteur, je l'adore\",\"breadcrumb\":{\"@id\":\"https:\/\/mygrin-garden.com\/fr\/fiche_jardin\/belen-783-662\/#breadcrumb\"},\"inLanguage\":\"fr-FR\",\"potentialAction\":[{\"@type\":\"ReadAction\",\"target\":[\"https:\/\/mygrin-garden.com\/fr\/fiche_jardin\/belen-783-662\/\"]}]},{\"@type\":\"ImageObject\",\"inLanguage\":\"fr-FR\",\"@id\":\"https:\/\/mygrin-garden.com\/fr\/fiche_jardin\/belen-783-662\/#primaryimage\",\"url\":\"https:\/\/mygrin-garden.com\/wp-content\/uploads\/2026\/04\/belen-783-662_1_1777019402.jpg\",\"contentUrl\":\"https:\/\/mygrin-garden.com\/wp-content\/uploads\/2026\/04\/belen-783-662_1_1777019402.jpg\",\"width\":768,\"height\":1024},{\"@type\":\"BreadcrumbList\",\"@id\":\"https:\/\/mygrin-garden.com\/fr\/fiche_jardin\/belen-783-662\/#breadcrumb\",\"itemListElement\":[{\"@type\":\"ListItem\",\"position\":1,\"name\":\"Home\",\"item\":\"https:\/\/mygrin-garden.com\/fr\/\"},{\"@type\":\"ListItem\",\"position\":2,\"name\":\"Schede giardino\",\"item\":\"https:\/\/mygrin-garden.com\/scheda_giardino\/\"},{\"@type\":\"ListItem\",\"position\":3,\"name\":\"Belen\"}]},{\"@type\":\"WebSite\",\"@id\":\"https:\/\/mygrin-garden.com\/#website\",\"url\":\"https:\/\/mygrin-garden.com\/\",\"name\":\"Mygrin Garden\",\"description\":\"Tagliaerba da giardino e attrezzature da giardinaggio\",\"publisher\":{\"@id\":\"https:\/\/mygrin-garden.com\/#organization\"},\"potentialAction\":[{\"@type\":\"SearchAction\",\"target\":{\"@type\":\"EntryPoint\",\"urlTemplate\":\"https:\/\/mygrin-garden.com\/?s={search_term_string}\"},\"query-input\":{\"@type\":\"PropertyValueSpecification\",\"valueRequired\":true,\"valueName\":\"search_term_string\"}}],\"inLanguage\":\"fr-FR\"},{\"@type\":\"Organization\",\"@id\":\"https:\/\/mygrin-garden.com\/#organization\",\"name\":\"My Grin Garden\",\"url\":\"https:\/\/mygrin-garden.com\/\",\"logo\":{\"@type\":\"ImageObject\",\"inLanguage\":\"fr-FR\",\"@id\":\"https:\/\/mygrin-garden.com\/#\/schema\/logo\/image\/\",\"url\":\"https:\/\/mygrin-garden.com\/wp-content\/uploads\/2020\/01\/Risorsa-19@2x.png\",\"contentUrl\":\"https:\/\/mygrin-garden.com\/wp-content\/uploads\/2020\/01\/Risorsa-19@2x.png\",\"width\":568,\"height\":170,\"caption\":\"My Grin Garden\"},\"image\":{\"@id\":\"https:\/\/mygrin-garden.com\/#\/schema\/logo\/image\/\"}}]}<\/script>\n<!-- \/ Yoast SEO plugin. -->","yoast_head_json":{"title":"Belen | Mygrin Garden","description":"Belen - mod GRIN PM53A B&S - Elle est incroyable, robuste, \u00e7a se voit toute de suite et elle avance toute seule alors que j' mon gazon avait d\u00e9j\u00e0 atteints plus ou moins 25 cm de hauteur, je l'adore","robots":{"index":"index","follow":"follow","max-snippet":"max-snippet:-1","max-image-preview":"max-image-preview:large","max-video-preview":"max-video-preview:-1"},"canonical":"https:\/\/mygrin-garden.com\/fr\/fiche_jardin\/belen-783-662\/","og_locale":"fr_FR","og_type":"article","og_title":"Belen | Mygrin Garden","og_description":"Belen - mod GRIN PM53A B&S - Elle est incroyable, robuste, \u00e7a se voit toute de suite et elle avance toute seule alors que j' mon gazon avait d\u00e9j\u00e0 atteints plus ou moins 25 cm de hauteur, je l'adore","og_url":"https:\/\/mygrin-garden.com\/fr\/fiche_jardin\/belen-783-662\/","og_site_name":"Mygrin Garden","og_image":[{"width":768,"height":1024,"url":"https:\/\/mygrin-garden.com\/wp-content\/uploads\/2026\/04\/belen-783-662_1_1777019402.jpg","type":"image\/jpeg"}],"twitter_card":"summary_large_image","twitter_misc":{"Dur\u00e9e de lecture estim\u00e9e":"1 minute"},"schema":{"@context":"https:\/\/schema.org","@graph":[{"@type":"WebPage","@id":"https:\/\/mygrin-garden.com\/fr\/fiche_jardin\/belen-783-662\/","url":"https:\/\/mygrin-garden.com\/fr\/fiche_jardin\/belen-783-662\/","name":"Belen | Mygrin Garden","isPartOf":{"@id":"https:\/\/mygrin-garden.com\/#website"},"primaryImageOfPage":{"@id":"https:\/\/mygrin-garden.com\/fr\/fiche_jardin\/belen-783-662\/#primaryimage"},"image":{"@id":"https:\/\/mygrin-garden.com\/fr\/fiche_jardin\/belen-783-662\/#primaryimage"},"thumbnailUrl":"https:\/\/mygrin-garden.com\/wp-content\/uploads\/2026\/04\/belen-783-662_1_1777019402.jpg","datePublished":"2026-04-28T13:13:42+00:00","description":"Belen - mod GRIN PM53A B&S - Elle est incroyable, robuste, \u00e7a se voit toute de suite et elle avance toute seule alors que j' mon gazon avait d\u00e9j\u00e0 atteints plus ou moins 25 cm de hauteur, je l'adore","breadcrumb":{"@id":"https:\/\/mygrin-garden.com\/fr\/fiche_jardin\/belen-783-662\/#breadcrumb"},"inLanguage":"fr-FR","potentialAction":[{"@type":"ReadAction","target":["https:\/\/mygrin-garden.com\/fr\/fiche_jardin\/belen-783-662\/"]}]},{"@type":"ImageObject","inLanguage":"fr-FR","@id":"https:\/\/mygrin-garden.com\/fr\/fiche_jardin\/belen-783-662\/#primaryimage","url":"https:\/\/mygrin-garden.com\/wp-content\/uploads\/2026\/04\/belen-783-662_1_1777019402.jpg","contentUrl":"https:\/\/mygrin-garden.com\/wp-content\/uploads\/2026\/04\/belen-783-662_1_1777019402.jpg","width":768,"height":1024},{"@type":"BreadcrumbList","@id":"https:\/\/mygrin-garden.com\/fr\/fiche_jardin\/belen-783-662\/#breadcrumb","itemListElement":[{"@type":"ListItem","position":1,"name":"Home","item":"https:\/\/mygrin-garden.com\/fr\/"},{"@type":"ListItem","position":2,"name":"Schede giardino","item":"https:\/\/mygrin-garden.com\/scheda_giardino\/"},{"@type":"ListItem","position":3,"name":"Belen"}]},{"@type":"WebSite","@id":"https:\/\/mygrin-garden.com\/#website","url":"https:\/\/mygrin-garden.com\/","name":"Mygrin Garden","description":"Tagliaerba da giardino e attrezzature da giardinaggio","publisher":{"@id":"https:\/\/mygrin-garden.com\/#organization"},"potentialAction":[{"@type":"SearchAction","target":{"@type":"EntryPoint","urlTemplate":"https:\/\/mygrin-garden.com\/?s={search_term_string}"},"query-input":{"@type":"PropertyValueSpecification","valueRequired":true,"valueName":"search_term_string"}}],"inLanguage":"fr-FR"},{"@type":"Organization","@id":"https:\/\/mygrin-garden.com\/#organization","name":"My Grin Garden","url":"https:\/\/mygrin-garden.com\/","logo":{"@type":"ImageObject","inLanguage":"fr-FR","@id":"https:\/\/mygrin-garden.com\/#\/schema\/logo\/image\/","url":"https:\/\/mygrin-garden.com\/wp-content\/uploads\/2020\/01\/Risorsa-19@2x.png","contentUrl":"https:\/\/mygrin-garden.com\/wp-content\/uploads\/2020\/01\/Risorsa-19@2x.png","width":568,"height":170,"caption":"My Grin Garden"},"image":{"@id":"https:\/\/mygrin-garden.com\/#\/schema\/logo\/image\/"}}]}},"_links":{"self":[{"href":"https:\/\/mygrin-garden.com\/fr\/wp-json\/wp\/v2\/scheda_giardino\/21414","targetHints":{"allow":["GET"]}}],"collection":[{"href":"https:\/\/mygrin-garden.com\/fr\/wp-json\/wp\/v2\/scheda_giardino"}],"about":[{"href":"https:\/\/mygrin-garden.com\/fr\/wp-json\/wp\/v2\/types\/scheda_giardino"}],"version-history":[{"count":2,"href":"https:\/\/mygrin-garden.com\/fr\/wp-json\/wp\/v2\/scheda_giardino\/21414\/revisions"}],"predecessor-version":[{"id":21426,"href":"https:\/\/mygrin-garden.com\/fr\/wp-json\/wp\/v2\/scheda_giardino\/21414\/revisions\/21426"}],"wp:featuredmedia":[{"embeddable":true,"href":"https:\/\/mygrin-garden.com\/fr\/wp-json\/wp\/v2\/media\/21411"}],"wp:attachment":[{"href":"https:\/\/mygrin-garden.com\/fr\/wp-json\/wp\/v2\/media?parent=21414"}],"curies":[{"name":"wp","href":"https:\/\/api.w.org\/{rel}","templated":true}]}}

<!-- This site is optimized with the Yoast SEO plugin v25.2 - https://yoast.com/wordpress/plugins/seo/ -->
<title>Belen | Mygrin Garden</title>
<meta name="description" content="Belen - mod GRIN PM53A B&amp;S - Elle est incroyable, robuste, ça se voit toute de suite et elle avance toute seule alors que j&#039; mon gazon avait déjà atteints plus ou moins 25 cm de hauteur, je l&#039;adore" />
<meta name="robots" content="index, follow, max-snippet:-1, max-image-preview:large, max-video-preview:-1" />
<link rel="canonical" href="https://mygrin-garden.com/fr/fiche_jardin/belen-783-662/" />
<meta property="og:locale" content="fr_FR" />
<meta property="og:type" content="article" />
<meta property="og:title" content="Belen | Mygrin Garden" />
<meta property="og:description" content="Belen - mod GRIN PM53A B&amp;S - Elle est incroyable, robuste, ça se voit toute de suite et elle avance toute seule alors que j&#039; mon gazon avait déjà atteints plus ou moins 25 cm de hauteur, je l&#039;adore" />
<meta property="og:url" content="https://mygrin-garden.com/fr/fiche_jardin/belen-783-662/" />
<meta property="og:site_name" content="Mygrin Garden" />
<meta property="og:image" content="https://mygrin-garden.com/wp-content/uploads/2026/04/belen-783-662_1_1777019402.jpg" />
	<meta property="og:image:width" content="768" />
	<meta property="og:image:height" content="1024" />
	<meta property="og:image:type" content="image/jpeg" />
<meta name="twitter:card" content="summary_large_image" />
<meta name="twitter:label1" content="Durée de lecture estimée" />
	<meta name="twitter:data1" content="1 minute" />
<script type="application/ld+json" class="yoast-schema-graph">{"@context":"https://schema.org","@graph":[{"@type":"WebPage","@id":"https://mygrin-garden.com/fr/fiche_jardin/belen-783-662/","url":"https://mygrin-garden.com/fr/fiche_jardin/belen-783-662/","name":"Belen | Mygrin Garden","isPartOf":{"@id":"https://mygrin-garden.com/#website"},"primaryImageOfPage":{"@id":"https://mygrin-garden.com/fr/fiche_jardin/belen-783-662/#primaryimage"},"image":{"@id":"https://mygrin-garden.com/fr/fiche_jardin/belen-783-662/#primaryimage"},"thumbnailUrl":"https://mygrin-garden.com/wp-content/uploads/2026/04/belen-783-662_1_1777019402.jpg","datePublished":"2026-04-28T13:13:42+00:00","description":"Belen - mod GRIN PM53A B&S - Elle est incroyable, robuste, ça se voit toute de suite et elle avance toute seule alors que j' mon gazon avait déjà atteints plus ou moins 25 cm de hauteur, je l'adore","breadcrumb":{"@id":"https://mygrin-garden.com/fr/fiche_jardin/belen-783-662/#breadcrumb"},"inLanguage":"fr-FR","potentialAction":[{"@type":"ReadAction","target":["https://mygrin-garden.com/fr/fiche_jardin/belen-783-662/"]}]},{"@type":"ImageObject","inLanguage":"fr-FR","@id":"https://mygrin-garden.com/fr/fiche_jardin/belen-783-662/#primaryimage","url":"https://mygrin-garden.com/wp-content/uploads/2026/04/belen-783-662_1_1777019402.jpg","contentUrl":"https://mygrin-garden.com/wp-content/uploads/2026/04/belen-783-662_1_1777019402.jpg","width":768,"height":1024},{"@type":"BreadcrumbList","@id":"https://mygrin-garden.com/fr/fiche_jardin/belen-783-662/#breadcrumb","itemListElement":[{"@type":"ListItem","position":1,"name":"Home","item":"https://mygrin-garden.com/fr/"},{"@type":"ListItem","position":2,"name":"Schede giardino","item":"https://mygrin-garden.com/scheda_giardino/"},{"@type":"ListItem","position":3,"name":"Belen"}]},{"@type":"WebSite","@id":"https://mygrin-garden.com/#website","url":"https://mygrin-garden.com/","name":"Mygrin Garden","description":"Tagliaerba da giardino e attrezzature da giardinaggio","publisher":{"@id":"https://mygrin-garden.com/#organization"},"potentialAction":[{"@type":"SearchAction","target":{"@type":"EntryPoint","urlTemplate":"https://mygrin-garden.com/?s={search_term_string}"},"query-input":{"@type":"PropertyValueSpecification","valueRequired":true,"valueName":"search_term_string"}}],"inLanguage":"fr-FR"},{"@type":"Organization","@id":"https://mygrin-garden.com/#organization","name":"My Grin Garden","url":"https://mygrin-garden.com/","logo":{"@type":"ImageObject","inLanguage":"fr-FR","@id":"https://mygrin-garden.com/#/schema/logo/image/","url":"https://mygrin-garden.com/wp-content/uploads/2020/01/Risorsa-19@2x.png","contentUrl":"https://mygrin-garden.com/wp-content/uploads/2020/01/Risorsa-19@2x.png","width":568,"height":170,"caption":"My Grin Garden"},"image":{"@id":"https://mygrin-garden.com/#/schema/logo/image/"}}]}</script>
<!-- / Yoast SEO plugin. -->

Belen - mod GRIN PM53A B&S - Elle est incroyable, robuste, ça se voit toute de suite et elle avance toute seule alors que j' mon gazon avait déjà atteints plus ou moins 25 cm de hauteur, je l'adore
